composite number?
True
Is 29182 a prime number?
False
Is 1069 prime?
True
Is 7318 a prime number?
False
Is 580831 prime?
False
Is 1105187 a composite number?
True
Is 589331 composite?
False
Is 1114385 a composite number?
True
Is 9941 composite?
False
Is 8779 a composite number?
False
Is 3127 a prime number?
False
Is 1399 a composite number?
False
Is 185063 prime?
True
Is 510107 prime?
False
Is 90659 composite?
False
Is 3761 a composite number?
False
Is 6247 a prime number?
True
Is 30809 composite?
False
Is 48103 prime?
False
Is 1150159 prime?
True
Is 419845 a prime number?
False
Is 30179 composite?
True
Is 6621 a prime number?
False
Is 15121 a prime number?
True
Is 608461 a prime number?
False
Is 3805 prime?
False
Is 12473 a prime number?
True
Is 9257 a prime number?
True
Is 629509 prime?
True
Is 6899 composite?
False
Is 25937 a composite number?
True
Is 40543 a composite number?
False
Is 21003 a composite number?
True
Is 382457 prime?
True
Is 2558 a composite number?
True
Is 4939 a composite number?
True
Is 1070287 a prime number?
True
Is 181 a composite number?
False
Is 233173 composite?
False
Is 95422 a composite number?
True
Is 23323 prime?
False
Is 2161 prime?
True
Is 21557 a composite number?
False
Is 8497 prime?
False
Is 22717 prime?
True
Is 6731 prime?
False
Is 840601 prime?
True
Is 65663 composite?
True
Is 104621 prime?
False
Is 7151 a prime number?
True
Is 101353 prime?
False
Is 1543 prime?
True
Is 3133 a prime number?
False
Is 705737 a prime number?
True
Is 2602 a composite number?
True
Is 22229 composite?
False
Is 660981 a composite number?
True
Is 1039861 a prime number?
False
Is 1011943 a composite number?
False
Is 10669 a prime number?
False
Is 103549 prime?
True
Is 98317 composite?
False
Is 467465 composite?
True
Is 131179 prime?
False
Is 63701 a composite number?
True
Is 174329 a prime number?
True
Is 23657 composite?
True
Is 202277 prime?
True
Is 133157 composite?
False
Is 291079 a composite number?
True
Is 106877 prime?
True
Is 80167 composite?
False
Is 271751 prime?
False
Is 1354447 composite?
True
Is 150931 a composite number?
True
Is 28307 a prime number?
True
Is 31091 composite?
False
Is 58309 composite?
False
Is 1796657 prime?
True
Is 128377 a composite number?
False
Is 10901 a composite number?
True
Is 60206 a prime number?
False
Is 17233 prime?
False
Is 414503 prime?
True
Is 6109 a prime number?
False
Is 39749 a prime number?
True
Is 58307 composite?
True
Is 3011 composite?
False
Is 673667 composite?
False
Is 31957 a prime number?
True
Is 32887 composite?
False
Is 9239 a prime number?
True
Is 1102861 composite?
False
Is 62593 a composite number?
True
Is 5017 a composite number?
True
Is 721739 a composite number?
False
Is 179519 a prime number?
True
Is 17373 a composite number?
True
Is 335891 composite?
True
Is 30869 a composite number?
False
Is 30131 a composite number?
True
Is 50581 composite?
False
Is 347651 prime?
True
Is 10529 prime?
True
Is 1234133 composite?
False
Is 612611 a prime number?
True
Is 8147 prime?
True
Is 7829 a prime number?
True
Is 1725197 a composite number?
False
Is 17827 a prime number?
True
Is 173253 composite?
True
Is 138917 a prime number?
True
Is 32117 composite?
False
Is 43607 prime?
True
Is 27065 prime?
False
Is 114593 composite?
False
Is 172058 a composite number?
True
Is 12307 prime?
False
Is 23867 a composite number?
True
Is 263759 a composite number?
False
Is 15157 prime?
False
Is 977 prime?
True
Is 166823 a prime number?
True
Is 212899 composite?
True
Is 12729 a composite number?
True
Is 21887 a composite number?
True
Is 11209 prime?
False
Is 7153 a composite number?
True
Is 51265 prime?
False
Is 1367 a prime number?
True
Is 6371 prime?
False
Is 80479 prime?
False
Is 152251 a composite number?
True
Is 20921 a prime number?
True
Is 48647 a prime number?
True
Is 10831 a composite number?
False
Is 77 prime?
False
Is 1146263 a composite number?
False
Is 157867 composite?
False
Is 203549 composite?
False
Is 214897 prime?
False
Is 699863 composite?
False
Is 84815 a prime number?
False
Is 277234 prime?
False
Is 114107 a prime number?
False
Is 15593 a composite number?
True
Is 17317 a composite number?
False
Is 5557 a composite number?
False
Is 1177 a prime number?
False
Is 107021 a composite number?
False
Is 5033 a composite number?
True
Is 9587 a prime number?
True
Is 4295 prime?
False
Is 111863 composite?
False
Is 83761 prime?
True
Is 10471 composite?
True
Is 1351417 a composite number?
False
Is 2014799 a prime number?
True
Is 2927 a prime number?
True
Is 21181 a composite number?
True
Is 58537 a composite number?
False
Is 6619346 a prime number?
False
Is 3607 composite?
False
Is 17481 prime?
False
Is 10499 composite?
False
Is 3117 prime?
False
Is 1750667 a composite number?
True
Is 85471 a composite number?
True
Is 1969 a composite number?
True
Is 1179223 a composite number?
False
Is 938921 a composite number?
False
Is 2935171 a prime number?
True
Is 2669 prime?
False
Is 26387 prime?
True
Is 12841 composite?
False
Is 447971 prime?
False
Is 32899 composite?
True
Is 4154063 prime?
False
Is 1493333 prime?
True
Is 316621 prime?
True
Is 1155209 composite?
True
Is 12433 composite?
False
Is 9781 a prime number?
True
Is 12143 prime?
True
Is 2081 a prime number?
True
Is 8779 a composite number?
False
Is 8039 prime?
True
Is 219049 a composite number?
True
Is 42815 composite?
True
Is 29663 a composite number?
False
Is 4327 prime?
True
Is 16001 a composite number?
False
Is 121181 prime?
True
Is 905039 a prime number?
False
Is 803389 a prime number?
True
Is 593 prime?
True
Is 345613 prime?
False
Is 1398367 a composite number?
False
Is 161751 a composite number?
True
Is 1055527 prime?
False
Is 13841 prime?
True
Is 2579 a composite number?
False
Is 104534 composite?
True
Is 46285 a prime number?
False
Is 210659 composite?
False
Is 2004533 prime?
False
Is 19303 prime?
False
Is 1380149 composite?
False
Is 33323 a prime number?
False
Is 4327 composite?
False
Is 296797 a prime number?
True
Is 103307 composite?
False
Is 1261 prime?
False
Is 8023 prime?
False
Is 285203 prime?
False
Is 5155 prime?
False
Is 291119 composite?
True
Is 35267 prime?
True
Is 243043 composite?
True
Is 89041 a composite number?
False
Is 477593 prime?
True
Is 1841813 composite?
True
Is 239651 composite?
True
Is 296785 prime?
False
Is 83041 a composite number?
True
Is 281663 a prime number?
True
Is 66029 a prime number?
True
Is 28333 a composite number?
True
Is 455219 a composite number?
False
Is 612497 composite?
False
Is 63689 composite?
False
Is 301339 prime?
False
Is 70693 a prime number?
False
Is 50537 composite?
True
Is 386201 composite?
True
Is 388789 prime?
True
Is 33559 a prime number?
False
Is 31303 composite?
True
Is 176957 prime?
False
Is 5791 a composite number?
False
Is 138139 a prime number?
True
Is 743929 prime?
False
Is 151561 composite?
False
Is 3589 a prime number?
False
Is 576373 a composite number?
True
Is 129887 composite?
False
Is 98599 a prime number?
False
Is 500141 a prime number?
False
Is 277159 a prime number?
False
Is 10299 a prime number?
False
Is 324986 a composite number?
True
Is 388961 prime?
True
Is 3571 a composite number?
False
Is 8939 a composite number?
True
Is 657553 a composite number?
True
Is 68863 composite?
False
Is 27746 a prime number?
False
Is 102967 composite?
False
Is 51577 a composite number?
False
Is 12889 a prime number?
True
Is 29699 composite?
True
Is 51971 a prime number?
True
Is 9479 composite?
False
Is 9151 a prime number?
True
Is 681607 a prime number?
True
Is 1149461 prime?
False
Is 259379 a composite number?
False
Is 84691 prime?
True
Is 320641 a composite number?
True
Is 720707 a prime number?
False
Is 1819 prime?
False
Is 202889 prime?
True
Is 20437 a prime number?
False
Is 111187 composite?
False
Is 120453 a prime number?
False
Is 31883 prime?
True
Is 227267 a composite number?
False
Is 21251 a composite number?
True
Is 71651 a composite number?
True
Is 194413 a composite number?
False
Is 1349 a composite number?
True
Is 10391 composite?
False
Is 18617 prime?
True
Is 7237 prime?
True
Is 362717 prime?
True
Is 16355 a prime number?
False
Is 1387769 a composite number?
True
Is 15661 prime?
True
Is 594889 prime?
True
Is 16273 composite?
False
Is 24359 prime?
True
Is 13367 a 